 l(j) = -2*j**3 + 8*j - 5. Let d be l(-6). Let i = -40 + d. List the prime factors of i.
3, 113
Suppose -3*w + 3*l = -13827, -w = 5*l - 4381 - 222. What are the prime factors of w?
2, 3
Suppose 2*v - 5*a + 22 + 1 = 0, 5*v = -4*a + 25. List the prime factors of 154 - ((3 - 6) + v).
2, 3, 13
Suppose 40*k - 45*k + 68790 = -5*f, -2*f - 522516 = -38*k. List the prime factors of k.
2, 5, 11
Let g(k) = -3*k - 6. Let w be g(-21). Let c = -45 + w. Let f(a) = 5*a - 47. What are the prime factors of f(c)?
13
Let u(t) = 0*t + 2 + 7*t + 5*t + 0*t. Let i be u(-3). Let a = -21 - i. What are the prime factors of a?
13
Suppose -19*t + 671 + 127 = 0. What are the prime factors of (12/(-42) + (-800)/t)*-6?
2, 29
Let j = 166 - 164. Suppose -5*c - 4*f + 1197 = 0, -j*f + 2 = -4. What are the prime factors of c?
3, 79
Let o = 524 - 347. Let i = 188 - o. What are the prime factors of i?
11
Let r(p) = p**2 - p - 5. Let c be r(3). Let k be 14/49 + c/((-14)/(-3188)). Suppose 7*s - 9*s = -k. List the prime factors of s.
2, 3, 19
Let p(j) = 74 - 47 - j - 35. What are the prime factors of p(-11)?
3
Let d be -3 - 56/(2/1). Let x = 69 + d. Suppose 4*p - 70 = x. What are the prime factors of p?
3
Suppose -1609*q + 31456 = -1590*q - 73975. What are the prime factors of q?
31, 179
Let s = -49573 - -3598. List the prime factors of ((-2)/(-6))/((-25)/s).
613
Let p = -3603 + 7051. Suppose -6*v = -2*v + 4, 0 = -5*z + 3*v + p. What are the prime factors of z?
13, 53
Suppose 5*w + 3*o + 2*o = 25, 2*w + 5*o - 10 = 0. Suppose w*b + 375 = n + 7*b, b - 1125 = -3*n. List the prime factors of n.
3, 5
Suppose 3*n = 6*w - 3*w - 251604, 2*w = 5*n + 167712. List the prime factors of w.
2, 13, 1613
Suppose -p = -2*q + 356, -q = 3*p - 133 - 38. List the prime factors of q/4*(-19)/((-399)/112).
2, 59
Let q(j) = 2*j**2 - 4*j - 3. Suppose 13*x = -0*x + 676. Suppose -17*p = -4*p - x. What are the prime factors of q(p)?
13
Let i = 120 - 59. Suppose 7*s - 205 = i. Suppose 4*g - 120 = -4*r, -3*g - r + 46 = -s. List the prime factors of g.
3
Let g be 9 - 1 - 1 - -44. Suppose -g*n = -11109 - 39789. What are the prime factors of n?
2, 499
Let n(a) = -4 - 5*a + 4 + a**2 - 4*a**3 - 3. Let k = -244 + 241. What are the prime factors of n(k)?
3, 43
Let v = 7643 + -4994. Suppose 2*w - l - 1765 = 0, -27*w - 2*l - v = -30*w. List the prime factors of w.
881
Let d(f) = 31*f**2 - 86*f - 1647. What are the prime factors of d(-27)?
2, 3, 431
Let g(t) = -2*t**2 + 9*t + 4. Let z be g(5). What are the prime factors of 4/(z*(-6)/465)?
2, 5, 31
Suppose 0 = -36*c + 393413 + 151415 + 76676. What are the prime factors of c?
2, 13, 83
Let k = 860 + -925. List the prime factors of ((-1558)/95)/(3 + 196/k).
2, 13, 41
Suppose u + d = 1417, 4*d - 3392 = -5*u + 3697. List the prime factors of u.
7, 29
Let c be (4/(-4))/((-5)/40). Let j be (c/5)/(2/10). Let x(u) = 20*u - 23. List the prime factors of x(j).
137
Let k be ((-140)/(-30) - 8)*246/(-2). Suppose -2*p + 13 = 3*x, 2*p - 4*x = -0*x - 8. Suppose -k = -8*o - p*o. What are the prime factors of o?
41
Let j(h) = -h**3 - 5*h**2 + 8*h + 2. Let s = -25 + 37. Suppose t - 5*c + s = 0, 5*t - c + 36 = -0*t. What are the prime factors of j(t)?
2, 11
Let r be (1/3)/(0 - (-5)/5595). Let q = 532 - r. What are the prime factors of q?
3, 53
Let o(c) = -129*c**2 - 3*c - 16. Let n(i) = -86*i**2 - 2*i - 11. Let h(v) = 7*n(v) - 5*o(v). What are the prime factors of h(-1)?
3, 5
Let t(d) = 5*d**3 + 11*d**2 + 15*d + 79. Let r(h) = 6*h**3 + 10*h**2 + 13*h + 80. Let n(y) = -4*r(y) + 3*t(y). List the prime factors of n(-6).
13, 127
Let l(v) = -732*v**3 - 2*v**2 - 102*v - 202. What are the prime factors of l(-2)?
2, 3, 5, 13
Suppose -4228*c + 4235*c - 31066 = 0. List the prime factors of c.
2, 7, 317
Let p(s) = 6*s**3 - 8*s**2 - 4. Suppose 0 = 3*c + 3, -3*r - 5*c + c + 14 = 0. List the prime factors of p(r).
2, 251
Let c(j) be the first derivative of j**4/4 - 2*j**3 - 39*j**2/2 + 3*j - 1. What are the prime factors of c(10)?
13
Let g(i) = i**3 + 9*i**2 + 18*i - 12. Let m be g(-6). Let q(p) = -35*p - 60. List the prime factors of q(m).
2, 3, 5
Let a = 95 - 86. Suppose -5558 = -16*u + a*u. What are the prime factors of u?
2, 397
Suppose 24*b - 7*b + 100245 - 561132 = 0. List the prime factors of b.
3, 7, 1291
Let f(m) be the first derivative of 3*m**2 - 15*m + 7. Let v(y) = -1. Let t(p) = -f(p) + 9*v(p). List the prime factors of t(-6).
2, 3, 7
What are the prime factors of (6/27 - (-572390)/45) + (-2 - 7)?
3, 19, 223
What are the prime factors of (-28)/(-4 + 5)*60935/(-140)?
7, 1741
Suppose -6005 + 28715 = 5*r - 2*k, 3*r - 13626 = -4*k. List the prime factors of r.
2, 3, 757
Suppose -18*a + 284958 + 21312 = 0. What are the prime factors of a?
5, 41, 83
Suppose -13 = -4*l - o + 2*o, 5 = -o. Suppose 0 = -y + 4*v + 134, -l*v = y + 3*y - 608. Let u = y + -65. List the prime factors of u.
5, 17
Let f be -5 + 4 + (9/3 - 0). Suppose -2*y + 3*y + 3*v = -11, -f*y - 3*v = 10. List the prime factors of (2 + 127 + 3)*1/y.
2, 3, 11
Let p(c) = -c**3 + 14*c**2 + 9*c - 2. Let f be p(14). Let b = f - 61. List the prime factors of b.
3, 7
Suppose 0 = 4*l - l - 3*b - 3, -3*l - 4*b + 10 = 0. Let d be 4/(4*l/4). Suppose -3*r + d*a + 323 = 2*r, 2*r + 3*a = 114. List the prime factors of r.
3, 7
Let j(s) = 21*s**2 - 13*s - 1. Let y be j(-1). Suppose -8*c = y*c - 19516. What are the prime factors of c?
2, 7, 17
Let k be 51/2*44/(-33). Let d = k - -389. Suppose 8*m = 3*m + d. List the prime factors of m.
71
Let x = -102604 + 168291. What are the prime factors of x?
65687
Let r(s) = -170*s + 4831. What are the prime factors of r(27)?
241
Let w be 4 - (-289 - (3 - 3)). Let c = w - -154. What are the prime factors of c?
3, 149
Suppose 23500 = -214*z + 224*z. List the prime factors of z.
2, 5, 47
Let f = 23892 - 11506. List the prime factors of f.
2, 11, 563
Let m(k) = 11*k - 21 + 5*k + 0*k. Let c(j) = 3*j**2 - 229*j + 667. Let i be c(3). What are the prime factors of m(i)?
7, 13
Let r = 12769 - 6154. Suppose -5311 = -4*u - 3*p, -5*u - 8*p = -9*p - r. List the prime factors of u.
2, 331
Let r(t) = 2*t + 9. Let p be r(-3). Let k(a) = a**3 - 4*a**2 + 2*a + 4. Let z be k(p). Let i = 52 - z. What are the prime factors of i?
3, 17
Let f(w) = -6*w + 57. Let z be f(10). What are the prime factors of (-634)/z*24/16?
317
Suppose -7*o + 5*o = m - 8294, -o = m - 8298. What are the prime factors of m?
2, 7, 593
Let x be 6/(-2) - (-1 + -2*5). Let k(t) = -1 + x + 6 - 6 - 8*t. What are the prime factors of k(-8)?
71
Suppose -142*s + 69*s = -57*s - 188320. What are the prime factors of s?
2, 5, 11, 107
Let f(r) = -524*r - 89. Let h = -340 + 338. What are the prime factors of f(h)?
7, 137
Let j(n) = 2*n**2 - n - 15. Let i = -34 + 25. Let m be j(i). Suppose m = -0*p + 2*p. List the prime factors of p.
2, 3, 13
Let c(r) = 5*r - 7. Let o be c(4). Let d(k) = -5*k**2 + 3*k**2 + o*k - 12 + 20. List the prime factors of d(6).
2, 7
Suppose -34*f + 73284 + 50989 = 117*f. List the prime factors of f.
823
Let t be 0 + (-1)/(1/1). Let x(s) be the first derivative of -45*s**2 - 4*s + 176. List the prime factors of x(t).
2, 43
Let u be (1*(-4)/(-2))/(3/(-6)). Let n be 26/u + (-2)/(-4). What are the prime factors of 48*1/((-4)/n)?
2, 3
Let c be ((-3)/6*4 + 3)/1. Let h be (2*c/2)/(12/336). List the prime factors of 7/h - 166/(-8).
3, 7
Suppose 0 = -4*j + 737 + 299. Suppose 0 = 2*y - 3*p - 0*p - 96, -2*p + j = 5*y. What are the prime factors of y?
3, 17
Let f(n) = -n**2 + 18*n - 35. Let b(k) = k**3 - 2*k**2 - 2*k + 13. Let o be b(0). List the prime factors of f(o).
2, 3, 5
Let t = -505 + 1365. Suppose -t = 12*v - 17*v. What are the prime factors of v?
2, 43
Suppose 6 - 21 = -3*m. Let p be -140 + m/(-25)*0. List the prime factors of ((-153)/12)/(15/p).
7, 17
Let m(z) = 195*z**2 - 122*z + 23. What are the prime factors of m(9)?
2, 5, 23
Let f(o) = 8*o**2 - 41*o - 395. What are the prime factors of f(24)?
3229
Suppose -3*z + 3567 = -25659. Suppose -z = -11*f - 1503. What are the prime factors of f?
7, 107
Let d(v) = -v**3 + 26*v**2 + 32*v - 84. List the prime factors of d(23).
2239
Let m(r) be the third derivative of 3*r**5/20 - 37*r**4/24 - 11*r**3/3 - 156*r**2. What are the prime factors of m(13)?
2, 509
Let k be 12*(-5)/15*(2 + -4). Suppose -2*i - q + 138 = 0, 